 the greatest common divisor of x and 88.
11
Suppose z + z - 212 = 2*a, 0 = -2*a - 8. What is the greatest common factor of 51 and z?
51
Suppose 0 = -0*y + 2*y. Suppose -4 = 2*b - y. Let x be b/6 + 365/15. What is the greatest common divisor of 36 and x?
12
Suppose 0 = 3*x - 4*g - 66, 2*g + 22 = -0*x + x. Let u = x + -12. Calculate the greatest common divisor of 4 and u.
2
Suppose -2*f + 3 = -4*f - y, -2*f = 4*y + 18. What is the greatest common divisor of 9 and f?
1
Suppose -166 + 446 = -4*m. Let q = m - -110. What is the greatest common factor of 8 and q?
8
Suppose -102 = 3*i - 5*i. Suppose 2*k - 74 = -3*b + 130, 4*k - 400 = -2*b. Let p = k - i. What is the highest common divisor of p and 6?
6
Let w = -149 + 216. Suppose -4*s + w + 61 = 0. Suppose -2*m = -m - 4. What is the greatest common divisor of m and s?
4
Suppose 0 = 2*o - 40 - 12. What is the greatest common divisor of 13 and o?
13
Let t(s) be the second derivative of -s**5/20 + 9*s**2/2 - 2*s. Let j be t(0). Calculate the highest common divisor of 63 and j.
9
Suppose -3*i - 2 = 4. Let p be (1 - (0 + i))*1. Let v be ((-22)/p)/(3/(-18)). What is the greatest common divisor of v and 11?
11
Let h(v) = 5*v - 1. Let c be h(1). Let w = c + 10. Suppose 0*z + z = w. Calculate the highest common divisor of 21 and z.
7
Let q(g) = 4*g**2 + 12*g + 1. Let f be q(-9). Suppose -4*a + 789 = f. Calculate the greatest common factor of a and 13.
13
Let y(u) = -5*u**2 + 16*u - 16. Let k(x) = -3*x**2 + 11*x - 11. Let n(v) = -8*k(v) + 5*y(v). Let p be n(-8). What is the greatest common divisor of 64 and p?
8
Suppose 105 + 6 = 3*y. What is the greatest common factor of y and 259?
37
Let b = 5 + -3. Suppose -2*v + 26 = -b*q + 6*q, 3*v + q - 19 = 0. Suppose 0 = -x + 4*h + 8 + 8, v*x - 152 = 2*h. What is the highest common divisor of 8 and x?
8
Let m be (1/3 - 1)*-108. Let f(g) = 3*g + 0 - 2 + 5. Let p be f(3). What is the highest common factor of m and p?
12
Let h be (1 - 13)*56/(-21). Calculate the highest common factor of 128 and h.
32
Let o be (2 - 7)/(1/(-6)). Calculate the highest common factor of 10 and o.
10
Let b = 295 + -165. Let f = -1 + 1. Suppose f = 4*m - 2*m - b. Calculate the greatest common factor of 26 and m.
13
Let r be (-18)/(-10) + -2 - (-1827)/35. Calculate the highest common factor of r and 26.
26
Suppose -16*f + 182 = -3*f. Calculate the greatest common divisor of f and 2.
2
Let j be (((-675)/(-20))/9)/((-2)/(-48)). Calculate the greatest common factor of j and 36.
18
Let t = 3 - -13. Let j = 48 - 0. What is the highest common factor of t and j?
16
Let r = 42 + -20. Calculate the greatest common factor of 33 and r.
11
Suppose 2*p = -b + 18, -5*p - 17 = -2. Let u(o) = 4*o + 4. Let n be u(3). What is the highest common divisor of n and b?
8
Suppose 3*v = v + 8. Suppose 0 = 2*j + v, 24 = 5*s + j + 2*j. What is the greatest common divisor of 42 and s?
6
Let d = -198 + 312. Calculate the highest common divisor of d and 19.
19
Let b(r) = -3*r**3 - r**2 + 2. Let l be b(-2). What is the highest common divisor of 110 and l?
22
Suppose 0*c = -5*c. Suppose c = -2*u - u - 105. Let p be u*7/((-49)/6). Calculate the greatest common factor of p and 10.
10
Let o(d) = d**3 - 7*d**2 - 9*d + 9. Let i be o(8). Let r be 121 + -1 + (0 - i). Calculate the greatest common factor of 17 and r.
17
Let c(w) = -6*w - 4. Let m be c(-7). Suppose m = 2*h + 10. What is the greatest common factor of 42 and h?
14
Let d(s) = 9*s + 3. Let f be d(-2). Let r = f + 9. Let p(g) = g**3 + 6*g**2 - 3*g - 8. Let v be p(r). Calculate the highest common factor of 90 and v.
10
Let s = -17 - -21. What is the greatest common divisor of 32 and s?
4
Let r be ((-4)/5)/((-2)/10). Let p be 16*(1*-1)/(-2 + 0). What is the highest common factor of r and p?
4
Suppose 10*i = 6*i. Suppose 2*t + 40 = 2*b, 3*t = -i*b - 2*b + 25. What is the highest common divisor of 153 and b?
17
Let n = -1 + 3. Let v = -4 + 6. Calculate the highest common factor of n and v.
2
Let h be (-855)/(-6)*4/5. Let b = h - 69. Suppose -7 = -f + 8. Calculate the highest common divisor of b and f.
15
Let v = 23 + -3. Calculate the greatest common factor of 40 and v.
20
Suppose -4*g - 3*h + 108 = 0, 4*h = 4*g + 14 - 150. Let b(m) = 3*m - 1. Let d be b(7). Calculate the highest common divisor of g and d.
10
Suppose 50 = 2*c - 3*t - 44, 2*c + 4*t = 122. Let b = 29 - 48. Let j = c + b. What is the greatest common factor of 85 and j?
17
Let w = -4 + 11. Suppose -5*n = -99 - 76. Calculate the highest common factor of w and n.
7
Let x = 392 - 140. What is the highest common factor of x and 28?
28
Let l(n) = 64*n + 4. Let g be l(4). Suppose 0 = 5*t - g - 950. Suppose t = h + h. What is the highest common factor of 11 and h?
11
Suppose 7*r - 50 = 2*r. Let a be 55/r - (-1)/2. What is the highest common factor of a and 2?
2
Let g = 511 - 322. What is the greatest common divisor of 27 and g?
27
Let z = 1 - -1. Suppose 0 = 4*j + 5*l - 3*l - 4, j + l = 1. What is the highest common divisor of z and j?
1
Suppose -18 = -l + 4*a, -2*l + 4*a + 54 = 2*a. Calculate the highest common factor of l and 12.
6
Let p(q) = 6*q**2 - 2*q + 1. Let y be p(1). Calculate the highest common factor of 45 and y.
5
Let z = 64 + -36. Let c be ((-80)/28)/((-8)/z). What is the greatest common factor of c and 4?
2
Let d(y) = y**3 - y + 1. Let m be d(0). Suppose -f + 0*f - m = 0. Let k be (1/f)/1 + 97. What is the highest common factor of 12 and k?
12
Suppose 4*f - 27 = -0*f + d, 3 = -d. Suppose 2*b = -2*t + f, 0 = -2*t + 5*b + 7 + 20. What is the highest common factor of t and 3?
3
Let j be (-1)/(5/(-20) - 1/4). What is the greatest common factor of j and 4?
2
Let l = 47 - 41. Calculate the greatest common divisor of 6 and l.
6
Let i be (-3520)/(-45) - (-2)/(-9). Calculate the greatest common factor of 13 and i.
13
Let d = -14 + 16. Let n be (d + -32)*(-5 + 4). What is the greatest common factor of n and 15?
15
Let s(u) = -9*u**2 - 2*u - 1. Let c be s(-1). Let m = c - -13. Suppose 3*g = m*g - 26. Calculate the greatest common factor of 52 and g.
13
Let y = -34 + 60. Let f = 45 - y. Suppose 0 = h - f - 17. Calculate the greatest common factor of h and 4.
4
Suppose 4*r + 2*n - 19 = -r, 3*n - 1 = -2*r. Let o be 3*(-2 - 2)*r. Let g be (-10)/(((-3)/(-1))/o). What is the greatest common factor of 20 and g?
20
Suppose 8 = 3*g + n - 1, -n - 3 = 0. Suppose -g*t = t - 25. Calculate the highest common divisor of t and 10.
5
Suppose 0 = -5*y + 8 + 12. Let f(g) = 2*g**3 - 4*g**2 - 2*g + 3. Let x be f(3). Let s be (6/y)/(x/100). What is the highest common divisor of s and 2?
2
Suppose 0 = 3*u + u - 180. Suppose -3*a - 65 = -4*a. Suppose -5*p + 2*k = -53, k + 4*k = 5*p - a. Calculate the highest common factor of u and p.
9
Let u(r) = -2*r**2 - 4*r + 5. Let x be u(-4). Let o = x - -13. Calculate the greatest common divisor of 16 and o.
2
Let o(r) be the second derivative of r + 0 - 1/6*r**3 + 13/2*r**2. Let d be o(6). Calculate the highest common divisor of 7 and d.
7
Suppose d + 4*s - 16 = 0, -5*d = 3*s - 6*s - 11. Suppose d*j - t = 2*j + 28, -j + t + 14 = 0. Let c = j + 16. What is the greatest common divisor of 6 and c?
6
Suppose 15*f - 415 = -85. Calculate the greatest common divisor of f and 22.
22
Suppose 3*d - 65 = 3*i + i, -d - 5*i - 10 = 0. Let k = 17 - 12. Suppose -590 = -5*j + k*y, -j + 3*j = 3*y + 234. What is the greatest common divisor of j and d?
15
Let a = 46 - 19. What is the highest common factor of 18 and a?
9
Let v = -7 + 9. Suppose -v*z + z = -5. Suppose -2*o + 15 = o. Calculate the highest common factor of z and o.
5
Suppose 27 = -5*j + 72. Let o(a) = j - 4*a + 17*a - 4*a**2 + a**2 + 2*a**2. Let s be o(13). Calculate the highest common factor of s and 63.
9
Suppose 2*o = -0*o - 40. Let g = o - -35. Calculate the greatest common factor of 5 and g.
5
Let w = -13 - -3. Let t be (w - -1)*6/(-9). What is the greatest common divisor of 30 and t?
6
Let k be -1*(-3 + -26 + -1). Suppose 3*c - 5 = 55. What is the greatest common factor of c and k?
10
Let f = 37 - -23. Suppose 0*d + f = 3*d. Calculate the greatest common factor of d and 80.
20
Let y be (-2)/(-24)*3 + 2515/20. What is the greatest common divisor of y and 14?
14
Suppose 12*y - 8*y = 20. Let p be y/(-3)*(-27)/3. Calculate the highest common factor of 